2 and 294.
6
Calculate the greatest common divisor of 1776304 and 2790388.
6628
Calculate the highest common factor of 3795518 and 11218.
142
What is the greatest common divisor of 3454 and 702350?
22
What is the highest common factor of 1045990 and 222?
74
Calculate the highest common factor of 15 and 29581674.
3
Calculate the highest common divisor of 12625850 and 575.
575
Calculate the greatest common divisor of 9252966 and 9144.
762
What is the highest common divisor of 1088 and 8161003?
17
Calculate the greatest common factor of 10989218 and 958.
958
What is the greatest common factor of 198084 and 156?
12
What is the greatest common factor of 37184035 and 6665?
6665
Calculate the greatest common divisor of 1060 and 2143055.
265
Calculate the greatest common divisor of 360474 and 5037.
219
What is the greatest common factor of 3698217 and 244701?
4617
Calculate the greatest common divisor of 4592 and 19823377.
287
Calculate the highest common divisor of 424362 and 8667.
321
Calculate the highest common factor of 2022363 and 2807028.
2961
What is the greatest common factor of 1633661 and 111?
37
Calculate the highest common divisor of 619059 and 6601.
287
Calculate the highest common divisor of 261 and 7604631.
9
Calculate the greatest common factor of 10461300 and 1200.
300
Calculate the highest common divisor of 339193 and 369.
41
Calculate the highest common divisor of 77895 and 42239285.
2885
What is the highest common factor of 322 and 2543422?
14
What is the highest common divisor of 58955 and 14779565?
4535
Calculate the greatest common divisor of 161 and 79838773.
161
Calculate the highest common factor of 6959169 and 81.
27
What is the greatest common divisor of 165 and 6558015?
15
What is the greatest common factor of 2 and 2493922?
2
Calculate the highest common factor of 117454206 and 1036.
74
What is the greatest common divisor of 1415749 and 122?
61
What is the greatest common divisor of 9539009 and 538?
269
Calculate the highest common divisor of 128754 and 9246.
138
What is the highest common factor of 2361903 and 18?
3
What is the highest common factor of 129 and 2518897?
43
What is the greatest common factor of 35540755 and 10?
5
Calculate the highest common factor of 3830307 and 57.
3
What is the greatest common divisor of 45 and 3985983?
9
What is the greatest common factor of 104 and 143381888?
104
What is the greatest common divisor of 638 and 492061966?
638
What is the greatest common divisor of 20731250 and 530?
10
Calculate the greatest common divisor of 10415 and 563745203.
2083
What is the greatest common factor of 96228911 and 157?
157
What is the highest common divisor of 16954 and 120062?
346
What is the greatest common divisor of 4961 and 22898623?
451
Calculate the highest common factor of 473335 and 73295.
685
What is the highest common divisor of 276731 and 35399?
91
What is the highest common divisor of 51420150 and 71340?
1230
Calculate the highest common divisor of 74025495 and 615.
15
Calculate the greatest common factor of 4 and 199063304.
4
Calculate the highest common factor of 1610888 and 3904.
488
What is the highest common factor of 1770890 and 1894?
1894
Calculate the highest common divisor of 237014869 and 182.
91
Calculate the highest common factor of 17144374 and 338.
338
What is the greatest common divisor of 24824 and 248008?
232
What is the greatest common divisor of 306620104 and 7?
7
Calculate the highest common divisor of 4480 and 2090480.
560
Calculate the highest common divisor of 2330648337 and 2319.
2319
What is the greatest common factor of 395 and 76171484?
79
What is the highest common factor of 3612 and 3486378?
42
Calculate the highest common divisor of 3654 and 22514121.
1827
What is the highest common factor of 20164 and 794?
2
What is the greatest common divisor of 42296431 and 155?
31
Calculate the greatest common divisor of 54625890 and 15.
15
What is the greatest common divisor of 10684 and 506897038?
5342
What is the greatest common divisor of 48 and 258085728?
48
What is the greatest common divisor of 148 and 18824342?
74
What is the greatest common factor of 15312540 and 48?
12
What is the highest common factor of 7272 and 39473628?
1212
What is the greatest common divisor of 38 and 166816561?
19
What is the greatest common divisor of 12870714 and 152?
38
Calculate the greatest common divisor of 3525 and 30768550.
1175
What is the greatest common divisor of 1148298 and 2650?
106
Calculate the highest common factor of 54489 and 22060071.
1329
What is the greatest common divisor of 14 and 8550829?
7
Calculate the greatest common divisor of 48516 and 128930648.
1244
Calculate the highest common factor of 13380 and 64427376.
2676
What is the greatest common divisor of 46601995 and 165?
55
What is the greatest common divisor of 120 and 16810845?
15
Calculate the highest common divisor of 552 and 6685916.
92
Calculate the highest common divisor of 14 and 10248175.
7
Calculate the highest common divisor of 30422 and 19964.
14
What is the highest common divisor of 4480181 and 69977?
551
Calculate the greatest common factor of 69419 and 1118089.
1477
What is the highest common factor of 581548 and 418?
22
What is the greatest common factor of 293861300 and 17700?
5900
Calculate the greatest common divisor of 14145 and 2353590.
345
Calculate the greatest common factor of 37711984 and 1156.
68
Calculate the highest common divisor of 58785 and 11325.
15
Calculate the greatest common divisor of 10332550 and 100.
50
What is the greatest common factor of 39278533 and 9758?
287
What is the highest common divisor of 203757873 and 183?
183
Calculate the greatest common divisor of 1065000 and 39192.
1704
What is the highest common factor of 1037267 and 165319?
1463
What is the greatest common factor of 2286240 and 496218?
2598
Calculate the greatest common divisor of 1184696 and 306.
34
What is the highest common divisor of 2870 and 8332562?
14
What is the highest common divisor of 3879 and 11983524?
1293
What is the highest common factor of 3 and 1930086?
3
Calculate the highest common divisor of 3034 and 1492318.
82
Calculate the greatest common divisor of 4636409 and 1363.
47
What is the highest common factor of 1328 and 37777616?
1328
Calculate the highest common factor of 36 and 57679974.
18
What is the greatest common factor of 350862130 and 20?
10
What is the greatest common factor of 979356 and 1889937?
2751
Calculate the highest common divisor of 9425 and 102681605.
1885
Calculate the highest common divisor of 22 and 33568777.
11
Calculate the highest common divisor of 19567100 and 50.
50
What is the greatest common factor of 1631700 and 2294?
74
What is the greatest common divisor of 5551 and 9807397?
61
What is the highest common divisor of 18256 and 154042?
14
Calculate the greatest common divisor of 56 and 41161224.
8
What is the highest common divisor of 1749702 and 6?
6
What is the greatest common divisor of 22989344 and 3654?
406
What is the highest common divisor of 1264956 and 1680?
84
What is the greatest common factor of 15332 and 130?
2
What is the highest common factor of 40181 and 394841?
23
What is the greatest common divisor of 1800 and 13088200?
200
What is the highest common divisor of 184 and 446246?
46
Calculate the highest common divisor of 30800285 and 87139.
6703
Calculate the greatest common divisor of 60 and 14596480.
20
Calculate the greatest common divisor of 234696 and 2640.
264
Calculate the highest common factor of 197722639 and 6065.
1213
What is the highest common factor of 156536 and 32368?
136
Calculate the greatest common factor of 1082731651 and 2017.
2017
What is the greatest common factor of 65279 and 6656207?
2251
What is the highest common divisor of 751943560 and 80?
40
What is the greatest common divisor of 602031 and 16206?
219
What is the highest common factor of 76380 and 14163264?
804
What is the greatest common factor of 2425 and 493?
1
What is the greatest common divisor of 62389686 and 23991?
2181
Calculate the highest common factor of 42525 and 69367725.
4725
What is the greatest common divisor of 99261822 and 132?
66
What is the greatest common divisor of 8893620 and 684?
36
Calculate the highest common divisor of 1428 and 